8336.
2, 223, 76163
List the prime factors of 372078945.
3, 5, 7, 1181203
List the prime factors of 1239383.
353, 3511
What are the prime factors of 289554802?
2, 131, 1105171
What are the prime factors of 725109681?
3, 157, 1061, 1451
What are the prime factors of 696959045?
5, 19, 173, 42407
List the prime factors of 5833434414.
2, 3, 972239069
List the prime factors of 317299870.
2, 5, 53, 83, 7213
List the prime factors of 117676316.
2, 29, 1014451
List the prime factors of 20673190.
2, 5, 17, 121607
List the prime factors of 2445610319.
2445610319
What are the prime factors of 2499327600?
2, 3, 5, 7, 11, 2459
List the prime factors of 1260941461.
13, 31, 3128887
What are the prime factors of 1191960939?
3, 13, 30563101
What are the prime factors of 34895763?
3, 7, 553901
What are the prime factors of 1420343810?
2, 5, 101, 1406281
List the prime factors of 168455205.
3, 5, 3743449
List the prime factors of 579426242.
2, 19, 15248059
What are the prime factors of 566893693?
566893693
What are the prime factors of 1991485139?
7, 10831, 26267
List the prime factors of 2038118717.
37307, 54631
What are the prime factors of 571676724?
2, 3, 59, 73, 1229
List the prime factors of 122343896.
2, 15292987
List the prime factors of 1347311450.
2, 5, 26946229
List the prime factors of 6543621785.
5, 23, 56901059
What are the prime factors of 44462849?
44462849
List the prime factors of 3249270897.
3, 1083090299
List the prime factors of 3364544239.
7, 17, 28273481
List the prime factors of 23918168.
2, 2989771
What are the prime factors of 5624863398?
2, 3, 7, 11, 19, 293
List the prime factors of 20063187.
3, 157, 4733
List the prime factors of 324180964.
2, 19, 103, 41413
List the prime factors of 650941933.
650941933
List the prime factors of 5644781024.
2, 233, 397, 1907
What are the prime factors of 128703052?
2, 2551, 12613
What are the prime factors of 131881515?
3, 5, 8792101
What are the prime factors of 2474417061?
3, 179, 773, 1987
List the prime factors of 40482598.
2, 13, 119771
List the prime factors of 1240155650.
2, 5, 19, 1305427
List the prime factors of 1530303556.
2, 53, 359, 20107
List the prime factors of 2468519373.
3, 822839791
What are the prime factors of 753557615?
5, 150711523
List the prime factors of 1415934313.
22447, 63079
What are the prime factors of 211820077?
7, 30260011
List the prime factors of 15115665.
3, 5, 1007711
List the prime factors of 118560113.
7, 179, 94621
List the prime factors of 40073010.
2, 3, 5, 821, 1627
List the prime factors of 1896206420.
2, 5, 2131, 44491
What are the prime factors of 4250309?
7, 127, 683
What are the prime factors of 7669448999?
59, 129990661
What are the prime factors of 24522679?
24522679
List the prime factors of 83212249.
281, 296129
What are the prime factors of 2085863093?
17, 122697829
List the prime factors of 11188407.
3, 1787, 2087
What are the prime factors of 481881279?
3, 11, 1987, 7349
What are the prime factors of 2562308436?
2, 3, 79, 2702857
What are the prime factors of 5368668119?
17, 23, 596983
What are the prime factors of 767466?
2, 3, 7, 6091
List the prime factors of 93883145.
5, 337, 55717
What are the prime factors of 43912722?
2, 3, 7, 41, 3643
What are the prime factors of 592772210?
2, 5, 103, 421, 1367
What are the prime factors of 433229558?
2, 43, 1787, 2819
What are the prime factors of 5221873145?
5, 3877, 269377
What are the prime factors of 83114166?
2, 3, 211, 65651
List the prime factors of 288074184.
2, 3, 829, 14479
What are the prime factors of 243371243?
127, 1916309
What are the prime factors of 6293835782?
2, 13, 23, 43, 157, 1559
What are the prime factors of 156873324?
2, 3, 1471, 8887
What are the prime factors of 7832017754?
2, 11, 31, 2539, 4523
List the prime factors of 98324034.
2, 3, 23, 712493
What are the prime factors of 1985356597?
7, 83, 367, 9311
What are the prime factors of 24863828?
2, 11, 23, 79, 311
List the prime factors of 50638853.
349, 373, 389
What are the prime factors of 526902401?
349, 1509749
List the prime factors of 17892147.
3, 7, 13, 65539
List the prime factors of 3189037117.
7, 61, 727, 10273
List the prime factors of 58933873.
58933873
What are the prime factors of 349817027?
7, 7139123
List the prime factors of 754313976.
2, 3, 13, 805891
List the prime factors of 179514605.
5, 41, 875681
List the prime factors of 8892885234.
2, 3, 1482147539
List the prime factors of 202336227.
3, 17, 283, 4673
What are the prime factors of 327965799?
3, 7, 929, 16811
What are the prime factors of 165601079?
7, 137, 172681
What are the prime factors of 79956905?
5, 7, 31, 73693
List the prime factors of 428698959.
3, 13, 10992281
What are the prime factors of 519048693?
3, 57672077
List the prime factors of 562739663.
19, 179, 165463
List the prime factors of 181343969.
181343969
List the prime factors of 231985337.
23, 10086319
What are the prime factors of 549456797?
549456797
What are the prime factors of 4045341853?
7, 82557997
List the prime factors of 206215597.
7, 29459371
List the prime factors of 18749908.
2, 739, 6343
List the prime factors of 1336442246.
2, 668221123
List the prime factors of 162022845.
3, 5, 331, 32633
List the prime factors of 1589430495.
3, 5, 71, 83, 17981
List the prime factors of 257540901.
3, 31, 2769257
List the prime factors of 32993111.
32993111
What are the prime factors of 75069361?
19, 101, 39119
List the prime factors of 716552051.
23, 2663, 11699
What are the prime factors of 22289893?
29, 73, 10529
What are the prime factors of 1433443259?
1433443259
List the prime factors of 2415752936.
2, 103, 2931739
What are the prime factors of 1270171926?
2, 3, 19, 43, 86371
List the prime factors of 253348672.
2, 1657, 2389
List the prime factors of 5038946681.
227, 22198003
List the prime factors of 158033366.
2, 79016683
What are the prime factors of 2443675710?
2, 3, 5, 7, 17, 23, 29761
What are the prime factors of 175350363?
3, 37, 1579733
List the prime factors of 740717867.
740717867
What are the prime factors of 120411135?
3, 5, 13, 37, 5563
List the prime factors of 296822885.
5, 59364577
What are the prime factors of 126663878?
2, 11, 5757449
What are the prime factors of 73404580?
2, 5, 937, 3917
List the prime factors of 308314747.
13, 23, 29, 31, 37
List the prime factors of 261295511.
67, 347, 11239
What are the prime factors of 931033813?
23, 6151, 6581
What are the prime factors of 1124190680?
2, 5, 683, 41149
What are the prime factors of 30241518?
2, 3, 41, 269, 457
What are the prime factors of 209492648?
2, 23, 1138547
List the prime factors of 222183553.
222183553
What are the prime factors of 228436841?
228436841
List the prime factors of 1430691592.
2, 11, 16257859
What are the prime factors of 634456621?
634456621
What are the prime factors of 16576909?
31, 534739
What are the prime factors of 156378980?
2, 5, 7818949
List the prime factors of 1343443340.
2, 5, 23, 139, 21011
List the prime factors of 2489129726.
2, 11057, 112559
List the prime factors of 633316695.
3, 5, 11, 3838283
List the prime factors of 22721770.
2, 5, 2272177
List the prime factors of 4624813383.
3, 1541604461
What are the prime factors of 42812082?
2, 3, 101, 23549
List the prime factors of 708624844.
2, 177156211
What are the prime factors of 1571804061?
3, 23, 22779769
List the prime factors of 10192382.
2, 199, 25609
List the prime factors of 601194996.
2, 3, 977, 17093
What are the prime factors of 547480740?
2, 3, 5, 619, 14741
List the prime factors of 1021174480.
2, 5, 149, 85669
List the prime factors of 626564867.
626564867
What are the prime factors of 12761948?
2, 181, 17627
What are the prime factors of 138882666?
2, 3, 13, 19, 31, 3023
What are the prime factors of 1624539296?
2, 127, 399739
What are the prime factors of 4514871837?
3, 7, 31, 6935287
What are the prime factors of 85626035?
5, 11, 1556837
List the prime factors of 33950538.
2, 3, 151, 12491
List the prime factors of 29398752.
2, 3, 102079
What are the prime factors of 134128228?
2, 13, 2579389
List the prime factors of 246414351.
3, 79, 953, 1091
List the prime factors of 496150814.
2, 17, 14592671
List the prime factors of 2500985231.
2500985231
List the prime factors of 7581627774.
2, 3, 7, 17